{"id":22805,"date":"2026-02-01T18:57:48","date_gmt":"2026-02-01T18:57:48","guid":{"rendered":"https:\/\/zonacaral.gob.pe\/?post_type=dlp_document&#038;p=22805"},"modified":"2026-02-01T18:57:48","modified_gmt":"2026-02-01T18:57:48","slug":"reporte-de-visitas-por-sedes-diciembre-2023","status":"publish","type":"dlp_document","link":"http:\/\/zonacaral.gob.pe\/es\/noticias\/document\/reporte-de-visitas-por-sedes-diciembre-2023\/","title":{"rendered":"Reporte de visitas por sedes &#8211; DICIEMBRE 2023"},"content":{"rendered":"","protected":false},"excerpt":{"rendered":"","protected":false},"author":1,"featured_media":0,"template":"","meta":{"_acf_changed":false,"site-sidebar-layout":"default","site-content-layout":"","ast-site-content-layout":"default","site-content-style":"default","site-sidebar-style":"default","ast-global-header-display":"","ast-banner-title-visibility":"","ast-main-header-display":"","ast-hfb-above-header-display":"","ast-hfb-below-header-display":"","ast-hfb-mobile-header-display":"","site-post-title":"","ast-breadcrumbs-content":"","ast-featured-img":"","footer-sml-layout":"","ast-disable-related-posts":"","theme-transparent-header-meta":"default","adv-header-id-meta":"","stick-header-meta":"","header-above-stick-meta":"","header-main-stick-meta":"","header-below-stick-meta":"","astra-migrate-meta-layouts":"set","ast-page-background-enabled":"default","ast-page-background-meta":{"desktop":{"background-color":"var(--ast-global-color-5)","background-image":"","background-repeat":"repeat","background-position":"center center","background-size":"auto","background-attachment":"scroll","background-type":"","background-media":"","overlay-type":"","overlay-color":"","overlay-opacity":"","overlay-gradient":""},"tablet":{"background-color":"","background-image":"","background-repeat":"repeat","background-position":"center center","background-size":"auto","background-attachment":"scroll","background-type":"","background-media":"","overlay-type":"","overlay-color":"","overlay-opacity":"","overlay-gradient":""},"mobile":{"background-color":"","background-image":"","background-repeat":"repeat","background-position":"center center","background-size":"auto","background-attachment":"scroll","background-type":"","background-media":"","overlay-type":"","overlay-color":"","overlay-opacity":"","overlay-gradient":""}},"ast-content-background-meta":{"desktop":{"background-color":"var(--ast-global-color-4)","background-image":"","background-repeat":"repeat","background-position":"center center","background-size":"auto","background-attachment":"scroll","background-type":"","background-media":"","overlay-type":"","overlay-color":"","overlay-opacity":"","overlay-gradient":""},"tablet":{"background-color":"var(--ast-global-color-4)","background-image":"","background-repeat":"repeat","background-position":"center center","background-size":"auto","background-attachment":"scroll","background-type":"","background-media":"","overlay-type":"","overlay-color":"","overlay-opacity":"","overlay-gradient":""},"mobile":{"background-color":"var(--ast-global-color-4)","background-image":"","background-repeat":"repeat","background-position":"center center","background-size":"auto","background-attachment":"scroll","background-type":"","background-media":"","overlay-type":"","overlay-color":"","overlay-opacity":"","overlay-gradient":""}}},"doc_categories":[210],"doc_tags":[],"doc_author":[],"file_type":[38],"class_list":["post-22805","dlp_document","type-dlp_document","status-publish","hentry","doc_categories-estadisticas"],"download_url":"https:\/\/zonacaral.gob.pe\/wp-content\/uploads\/2026\/02\/12_Reporte_visitas_mensuales_2023_Diciembre.pdf","file_size":"360 KB","filename":"12_Reporte_visitas_mensuales_2023_Diciembre.pdf","download_count":"","version_history":[],"acf":[],"yoast_head":"<!-- This site is optimized with the Yoast SEO plugin v27.3 - https:\/\/yoast.com\/product\/yoast-seo-wordpress\/ -->\n<title>Reporte de visitas por sedes - DICIEMBRE 2023 - Zona Caral<\/title>\n<meta name=\"robots\" content=\"index, follow, max-snippet:-1, max-image-preview:large, max-video-preview:-1\" \/>\n<link rel=\"canonical\" href=\"https:\/\/zonacaral.gob.pe\/es\/noticias\/document\/reporte-de-visitas-por-sedes-diciembre-2023\/\" \/>\n<meta property=\"og:locale\" content=\"es_ES\" \/>\n<meta property=\"og:type\" content=\"article\" \/>\n<meta property=\"og:title\" content=\"Reporte de visitas por sedes - DICIEMBRE 2023 - Zona Caral\" \/>\n<meta property=\"og:url\" content=\"https:\/\/zonacaral.gob.pe\/es\/noticias\/document\/reporte-de-visitas-por-sedes-diciembre-2023\/\" \/>\n<meta property=\"og:site_name\" content=\"Zona Caral\" \/>\n<meta name=\"twitter:card\" content=\"summary_large_image\" \/>\n<script type=\"application\/ld+json\" class=\"yoast-schema-graph\">{\"@context\":\"https:\\\/\\\/schema.org\",\"@graph\":[{\"@type\":\"WebPage\",\"@id\":\"https:\\\/\\\/zonacaral.gob.pe\\\/noticias\\\/document\\\/reporte-de-visitas-por-sedes-diciembre-2023\\\/\",\"url\":\"https:\\\/\\\/zonacaral.gob.pe\\\/noticias\\\/document\\\/reporte-de-visitas-por-sedes-diciembre-2023\\\/\",\"name\":\"Reporte de visitas por sedes - DICIEMBRE 2023 - Zona Caral\",\"isPartOf\":{\"@id\":\"https:\\\/\\\/zonacaral.gob.pe\\\/es\\\/#website\"},\"datePublished\":\"2026-02-01T18:57:48+00:00\",\"breadcrumb\":{\"@id\":\"https:\\\/\\\/zonacaral.gob.pe\\\/noticias\\\/document\\\/reporte-de-visitas-por-sedes-diciembre-2023\\\/#breadcrumb\"},\"inLanguage\":\"es-PE\",\"potentialAction\":[{\"@type\":\"ReadAction\",\"target\":[\"https:\\\/\\\/zonacaral.gob.pe\\\/noticias\\\/document\\\/reporte-de-visitas-por-sedes-diciembre-2023\\\/\"]}]},{\"@type\":\"BreadcrumbList\",\"@id\":\"https:\\\/\\\/zonacaral.gob.pe\\\/noticias\\\/document\\\/reporte-de-visitas-por-sedes-diciembre-2023\\\/#breadcrumb\",\"itemListElement\":[{\"@type\":\"ListItem\",\"position\":1,\"name\":\"Portada\",\"item\":\"https:\\\/\\\/zonacaral.gob.pe\\\/\"},{\"@type\":\"ListItem\",\"position\":2,\"name\":\"Reporte de visitas por sedes &#8211; DICIEMBRE 2023\"}]},{\"@type\":\"WebSite\",\"@id\":\"https:\\\/\\\/zonacaral.gob.pe\\\/es\\\/#website\",\"url\":\"https:\\\/\\\/zonacaral.gob.pe\\\/es\\\/\",\"name\":\"Zona Caral\",\"description\":\"Investigamos, conservamos y difundimos el patrimonio cultural de la Civilizaci\u00f3n Caral, la m\u00e1s antigua de Am\u00e9rica.\",\"potentialAction\":[{\"@type\":\"SearchAction\",\"target\":{\"@type\":\"EntryPoint\",\"urlTemplate\":\"https:\\\/\\\/zonacaral.gob.pe\\\/es\\\/?s={search_term_string}\"},\"query-input\":{\"@type\":\"PropertyValueSpecification\",\"valueRequired\":true,\"valueName\":\"search_term_string\"}}],\"inLanguage\":\"es-PE\"}]}<\/script>\n<!-- \/ Yoast SEO plugin. -->","yoast_head_json":{"title":"Reporte de visitas por sedes - DICIEMBRE 2023 - Zona Caral","robots":{"index":"index","follow":"follow","max-snippet":"max-snippet:-1","max-image-preview":"max-image-preview:large","max-video-preview":"max-video-preview:-1"},"canonical":"https:\/\/zonacaral.gob.pe\/es\/noticias\/document\/reporte-de-visitas-por-sedes-diciembre-2023\/","og_locale":"es_ES","og_type":"article","og_title":"Reporte de visitas por sedes - DICIEMBRE 2023 - Zona Caral","og_url":"https:\/\/zonacaral.gob.pe\/es\/noticias\/document\/reporte-de-visitas-por-sedes-diciembre-2023\/","og_site_name":"Zona Caral","twitter_card":"summary_large_image","schema":{"@context":"https:\/\/schema.org","@graph":[{"@type":"WebPage","@id":"https:\/\/zonacaral.gob.pe\/noticias\/document\/reporte-de-visitas-por-sedes-diciembre-2023\/","url":"https:\/\/zonacaral.gob.pe\/noticias\/document\/reporte-de-visitas-por-sedes-diciembre-2023\/","name":"Reporte de visitas por sedes - DICIEMBRE 2023 - Zona Caral","isPartOf":{"@id":"https:\/\/zonacaral.gob.pe\/es\/#website"},"datePublished":"2026-02-01T18:57:48+00:00","breadcrumb":{"@id":"https:\/\/zonacaral.gob.pe\/noticias\/document\/reporte-de-visitas-por-sedes-diciembre-2023\/#breadcrumb"},"inLanguage":"es-PE","potentialAction":[{"@type":"ReadAction","target":["https:\/\/zonacaral.gob.pe\/noticias\/document\/reporte-de-visitas-por-sedes-diciembre-2023\/"]}]},{"@type":"BreadcrumbList","@id":"https:\/\/zonacaral.gob.pe\/noticias\/document\/reporte-de-visitas-por-sedes-diciembre-2023\/#breadcrumb","itemListElement":[{"@type":"ListItem","position":1,"name":"Portada","item":"https:\/\/zonacaral.gob.pe\/"},{"@type":"ListItem","position":2,"name":"Reporte de visitas por sedes &#8211; DICIEMBRE 2023"}]},{"@type":"WebSite","@id":"https:\/\/zonacaral.gob.pe\/es\/#website","url":"https:\/\/zonacaral.gob.pe\/es\/","name":"Zona Caral","description":"Investigamos, conservamos y difundimos el patrimonio cultural de la Civilizaci\u00f3n Caral, la m\u00e1s antigua de Am\u00e9rica.","potentialAction":[{"@type":"SearchAction","target":{"@type":"EntryPoint","urlTemplate":"https:\/\/zonacaral.gob.pe\/es\/?s={search_term_string}"},"query-input":{"@type":"PropertyValueSpecification","valueRequired":true,"valueName":"search_term_string"}}],"inLanguage":"es-PE"}]}},"_links":{"self":[{"href":"http:\/\/zonacaral.gob.pe\/es\/wp-json\/wp\/v2\/dlp_document\/22805","targetHints":{"allow":["GET"]}}],"collection":[{"href":"http:\/\/zonacaral.gob.pe\/es\/wp-json\/wp\/v2\/dlp_document"}],"about":[{"href":"http:\/\/zonacaral.gob.pe\/es\/wp-json\/wp\/v2\/types\/dlp_document"}],"author":[{"embeddable":true,"href":"http:\/\/zonacaral.gob.pe\/es\/wp-json\/wp\/v2\/users\/1"}],"wp:attachment":[{"href":"http:\/\/zonacaral.gob.pe\/es\/wp-json\/wp\/v2\/media?parent=22805"}],"wp:term":[{"taxonomy":"doc_categories","embeddable":true,"href":"http:\/\/zonacaral.gob.pe\/es\/wp-json\/wp\/v2\/doc_categories?post=22805"},{"taxonomy":"doc_tags","embeddable":true,"href":"http:\/\/zonacaral.gob.pe\/es\/wp-json\/wp\/v2\/doc_tags?post=22805"},{"taxonomy":"doc_author","embeddable":true,"href":"http:\/\/zonacaral.gob.pe\/es\/wp-json\/wp\/v2\/doc_author?post=22805"},{"taxonomy":"file_type","embeddable":true,"href":"http:\/\/zonacaral.gob.pe\/es\/wp-json\/wp\/v2\/file_type?post=22805"}],"curies":[{"name":"wp","href":"https:\/\/api.w.org\/{rel}","templated":true}]}}

<!-- This site is optimized with the Yoast SEO plugin v27.3 - https://yoast.com/product/yoast-seo-wordpress/ -->
<title>Reporte de visitas por sedes - DICIEMBRE 2023 - Zona Caral</title>
<meta name="robots" content="index, follow, max-snippet:-1, max-image-preview:large, max-video-preview:-1" />
<link rel="canonical" href="https://zonacaral.gob.pe/es/noticias/document/reporte-de-visitas-por-sedes-diciembre-2023/" />
<meta property="og:locale" content="es_ES" />
<meta property="og:type" content="article" />
<meta property="og:title" content="Reporte de visitas por sedes - DICIEMBRE 2023 - Zona Caral" />
<meta property="og:url" content="https://zonacaral.gob.pe/es/noticias/document/reporte-de-visitas-por-sedes-diciembre-2023/" />
<meta property="og:site_name" content="Zona Caral" />
<meta name="twitter:card" content="summary_large_image" />
<script type="application/ld+json" class="yoast-schema-graph">{"@context":"https:\/\/schema.org","@graph":[{"@type":"WebPage","@id":"https:\/\/zonacaral.gob.pe\/noticias\/document\/reporte-de-visitas-por-sedes-diciembre-2023\/","url":"https:\/\/zonacaral.gob.pe\/noticias\/document\/reporte-de-visitas-por-sedes-diciembre-2023\/","name":"Reporte de visitas por sedes - DICIEMBRE 2023 - Zona Caral","isPartOf":{"@id":"https:\/\/zonacaral.gob.pe\/es\/#website"},"datePublished":"2026-02-01T18:57:48+00:00","breadcrumb":{"@id":"https:\/\/zonacaral.gob.pe\/noticias\/document\/reporte-de-visitas-por-sedes-diciembre-2023\/#breadcrumb"},"inLanguage":"es-PE","potentialAction":[{"@type":"ReadAction","target":["https:\/\/zonacaral.gob.pe\/noticias\/document\/reporte-de-visitas-por-sedes-diciembre-2023\/"]}]},{"@type":"BreadcrumbList","@id":"https:\/\/zonacaral.gob.pe\/noticias\/document\/reporte-de-visitas-por-sedes-diciembre-2023\/#breadcrumb","itemListElement":[{"@type":"ListItem","position":1,"name":"Portada","item":"https:\/\/zonacaral.gob.pe\/"},{"@type":"ListItem","position":2,"name":"Reporte de visitas por sedes &#8211; DICIEMBRE 2023"}]},{"@type":"WebSite","@id":"https:\/\/zonacaral.gob.pe\/es\/#website","url":"https:\/\/zonacaral.gob.pe\/es\/","name":"Zona Caral","description":"Investigamos, conservamos y difundimos el patrimonio cultural de la Civilización Caral, la más antigua de América.","potentialAction":[{"@type":"SearchAction","target":{"@type":"EntryPoint","urlTemplate":"https:\/\/zonacaral.gob.pe\/es\/?s={search_term_string}"},"query-input":{"@type":"PropertyValueSpecification","valueRequired":true,"valueName":"search_term_string"}}],"inLanguage":"es-PE"}]}</script>
<!-- / Yoast SEO plugin. -->

Investigamos, conservamos y difundimos el patrimonio cultural de la Civilización Caral, la más antigua de América.
