{"id":3014,"date":"2025-12-19T20:56:36","date_gmt":"2025-12-19T20:56:36","guid":{"rendered":"https:\/\/zonacaral.gob.pe\/?post_type=s-arqueologico&#038;p=3014"},"modified":"2025-12-19T20:56:36","modified_gmt":"2025-12-19T20:56:36","slug":"aspero","status":"publish","type":"s-arqueologico","link":"https:\/\/zonacaral.gob.pe\/en\/?s-arqueologico=aspero","title":{"rendered":"\u00c1spero"},"content":{"rendered":"<p><strong>Rol: Puerto pesquero de la civilizaci\u00f3n Caral<\/strong><\/p>\n\n\n\n<p>Ubicado a solo 500 metros del Oc\u00e9ano Pac\u00edfico, el centro urbano de \u00c1spero ocupa 18.75 hect\u00e1reas en un entorno natural de cerros, dunas, humedales y playa. Este puerto pesquero se caracteriza por sus siete edificios piramidales escalonados, como la Huaca Alta y la Huaca de los \u00cddolos, destinados a funciones sociales, administrativas y de culto.<br><br>Las excavaciones realizadas en sus 22 sectores revelan una sociedad especializada y estratificada, con residencias de \u00e9lite y de menor rango. \u00c1spero fue fundamental en el abastecimiento de recursos marinos para la red de asentamientos del valle durante el Formativo Inicial y el Formativo Temprano.<\/p>","protected":false},"featured_media":3015,"menu_order":0,"template":"","format":"standard","meta":{"_acf_changed":false,"site-sidebar-layout":"default","site-content-layout":"","ast-site-content-layout":"default","site-content-style":"default","site-sidebar-style":"default","ast-global-header-display":"","ast-banner-title-visibility":"","ast-main-header-display":"","ast-hfb-above-header-display":"","ast-hfb-below-header-display":"","ast-hfb-mobile-header-display":"","site-post-title":"","ast-breadcrumbs-content":"","ast-featured-img":"","footer-sml-layout":"","ast-disable-related-posts":"","theme-transparent-header-meta":"","adv-header-id-meta":"","stick-header-meta":"","header-above-stick-meta":"","header-main-stick-meta":"","header-below-stick-meta":"","astra-migrate-meta-layouts":"default","ast-page-background-enabled":"default","ast-page-background-meta":{"desktop":{"background-color":"var(--ast-global-color-5)","background-image":"","background-repeat":"repeat","background-position":"center center","background-size":"auto","background-attachment":"scroll","background-type":"","background-media":"","overlay-type":"","overlay-color":"","overlay-opacity":"","overlay-gradient":""},"tablet":{"background-color":"","background-image":"","background-repeat":"repeat","background-position":"center center","background-size":"auto","background-attachment":"scroll","background-type":"","background-media":"","overlay-type":"","overlay-color":"","overlay-opacity":"","overlay-gradient":""},"mobile":{"background-color":"","background-image":"","background-repeat":"repeat","background-position":"center center","background-size":"auto","background-attachment":"scroll","background-type":"","background-media":"","overlay-type":"","overlay-color":"","overlay-opacity":"","overlay-gradient":""}},"ast-content-background-meta":{"desktop":{"background-color":"var(--ast-global-color-4)","background-image":"","background-repeat":"repeat","background-position":"center center","background-size":"auto","background-attachment":"scroll","background-type":"","background-media":"","overlay-type":"","overlay-color":"","overlay-opacity":"","overlay-gradient":""},"tablet":{"background-color":"var(--ast-global-color-4)","background-image":"","background-repeat":"repeat","background-position":"center center","background-size":"auto","background-attachment":"scroll","background-type":"","background-media":"","overlay-type":"","overlay-color":"","overlay-opacity":"","overlay-gradient":""},"mobile":{"background-color":"var(--ast-global-color-4)","background-image":"","background-repeat":"repeat","background-position":"center center","background-size":"auto","background-attachment":"scroll","background-type":"","background-media":"","overlay-type":"","overlay-color":"","overlay-opacity":"","overlay-gradient":""}}},"class_list":["post-3014","s-arqueologico","type-s-arqueologico","status-publish","format-standard","has-post-thumbnail","hentry"],"acf":[],"yoast_head":"<!-- This site is optimized with the Yoast SEO plugin v27.3 - https:\/\/yoast.com\/product\/yoast-seo-wordpress\/ -->\n<title>\u00c1spero - Zona Caral<\/title>\n<meta name=\"robots\" content=\"index, follow, max-snippet:-1, max-image-preview:large, max-video-preview:-1\" \/>\n<link rel=\"canonical\" href=\"https:\/\/zonacaral.gob.pe\/en\/?s-arqueologico=aspero\" \/>\n<meta property=\"og:locale\" content=\"en_US\" \/>\n<meta property=\"og:type\" content=\"article\" \/>\n<meta property=\"og:title\" content=\"\u00c1spero - Zona Caral\" \/>\n<meta property=\"og:description\" content=\"Rol: Puerto pesquero de la civilizaci\u00f3n Caral Ubicado a solo 500 metros del Oc\u00e9ano Pac\u00edfico, el centro urbano de \u00c1spero [&hellip;]\" \/>\n<meta property=\"og:url\" content=\"https:\/\/zonacaral.gob.pe\/en\/?s-arqueologico=aspero\" \/>\n<meta property=\"og:site_name\" content=\"Zona Caral\" \/>\n<meta property=\"og:image\" content=\"https:\/\/zonacaral.gob.pe\/wp-content\/uploads\/2025\/12\/2905489ed51a29d9fdd91d744fe60d3748e67a84.webp\" \/>\n\t<meta property=\"og:image:width\" content=\"1400\" \/>\n\t<meta property=\"og:image:height\" content=\"899\" \/>\n\t<meta property=\"og:image:type\" content=\"image\/webp\" \/>\n<meta name=\"twitter:card\" content=\"summary_large_image\" \/>\n<meta name=\"twitter:label1\" content=\"Est. reading time\" \/>\n\t<meta name=\"twitter:data1\" content=\"1 minute\" \/>\n<script type=\"application\/ld+json\" class=\"yoast-schema-graph\">{\"@context\":\"https:\\\/\\\/schema.org\",\"@graph\":[{\"@type\":\"WebPage\",\"@id\":\"https:\\\/\\\/zonacaral.gob.pe\\\/?s-arqueologico=aspero\",\"url\":\"https:\\\/\\\/zonacaral.gob.pe\\\/?s-arqueologico=aspero\",\"name\":\"\u00c1spero - Zona Caral\",\"isPartOf\":{\"@id\":\"https:\\\/\\\/zonacaral.gob.pe\\\/es\\\/#website\"},\"primaryImageOfPage\":{\"@id\":\"https:\\\/\\\/zonacaral.gob.pe\\\/?s-arqueologico=aspero#primaryimage\"},\"image\":{\"@id\":\"https:\\\/\\\/zonacaral.gob.pe\\\/?s-arqueologico=aspero#primaryimage\"},\"thumbnailUrl\":\"https:\\\/\\\/zonacaral.gob.pe\\\/wp-content\\\/uploads\\\/2025\\\/12\\\/2905489ed51a29d9fdd91d744fe60d3748e67a84.webp\",\"datePublished\":\"2025-12-19T20:56:36+00:00\",\"breadcrumb\":{\"@id\":\"https:\\\/\\\/zonacaral.gob.pe\\\/?s-arqueologico=aspero#breadcrumb\"},\"inLanguage\":\"en-US\",\"potentialAction\":[{\"@type\":\"ReadAction\",\"target\":[\"https:\\\/\\\/zonacaral.gob.pe\\\/?s-arqueologico=aspero\"]}]},{\"@type\":\"ImageObject\",\"inLanguage\":\"en-US\",\"@id\":\"https:\\\/\\\/zonacaral.gob.pe\\\/?s-arqueologico=aspero#primaryimage\",\"url\":\"https:\\\/\\\/zonacaral.gob.pe\\\/wp-content\\\/uploads\\\/2025\\\/12\\\/2905489ed51a29d9fdd91d744fe60d3748e67a84.webp\",\"contentUrl\":\"https:\\\/\\\/zonacaral.gob.pe\\\/wp-content\\\/uploads\\\/2025\\\/12\\\/2905489ed51a29d9fdd91d744fe60d3748e67a84.webp\",\"width\":1400,\"height\":899},{\"@type\":\"BreadcrumbList\",\"@id\":\"https:\\\/\\\/zonacaral.gob.pe\\\/?s-arqueologico=aspero#breadcrumb\",\"itemListElement\":[{\"@type\":\"ListItem\",\"position\":1,\"name\":\"Portada\",\"item\":\"https:\\\/\\\/zonacaral.gob.pe\\\/\"},{\"@type\":\"ListItem\",\"position\":2,\"name\":\"\u00c1spero\"}]},{\"@type\":\"WebSite\",\"@id\":\"https:\\\/\\\/zonacaral.gob.pe\\\/es\\\/#website\",\"url\":\"https:\\\/\\\/zonacaral.gob.pe\\\/es\\\/\",\"name\":\"Zona Caral\",\"description\":\"Investigamos, conservamos y difundimos el patrimonio cultural de la Civilizaci\u00f3n Caral, la m\u00e1s antigua de Am\u00e9rica.\",\"potentialAction\":[{\"@type\":\"SearchAction\",\"target\":{\"@type\":\"EntryPoint\",\"urlTemplate\":\"https:\\\/\\\/zonacaral.gob.pe\\\/es\\\/?s={search_term_string}\"},\"query-input\":{\"@type\":\"PropertyValueSpecification\",\"valueRequired\":true,\"valueName\":\"search_term_string\"}}],\"inLanguage\":\"en-US\"}]}<\/script>\n<!-- \/ Yoast SEO plugin. -->","yoast_head_json":{"title":"\u00c1spero - Zona Caral","robots":{"index":"index","follow":"follow","max-snippet":"max-snippet:-1","max-image-preview":"max-image-preview:large","max-video-preview":"max-video-preview:-1"},"canonical":"https:\/\/zonacaral.gob.pe\/en\/?s-arqueologico=aspero","og_locale":"en_US","og_type":"article","og_title":"\u00c1spero - Zona Caral","og_description":"Rol: Puerto pesquero de la civilizaci\u00f3n Caral Ubicado a solo 500 metros del Oc\u00e9ano Pac\u00edfico, el centro urbano de \u00c1spero [&hellip;]","og_url":"https:\/\/zonacaral.gob.pe\/en\/?s-arqueologico=aspero","og_site_name":"Zona Caral","og_image":[{"width":1400,"height":899,"url":"https:\/\/zonacaral.gob.pe\/wp-content\/uploads\/2025\/12\/2905489ed51a29d9fdd91d744fe60d3748e67a84.webp","type":"image\/webp"}],"twitter_card":"summary_large_image","twitter_misc":{"Est. reading time":"1 minute"},"schema":{"@context":"https:\/\/schema.org","@graph":[{"@type":"WebPage","@id":"https:\/\/zonacaral.gob.pe\/?s-arqueologico=aspero","url":"https:\/\/zonacaral.gob.pe\/?s-arqueologico=aspero","name":"\u00c1spero - Zona Caral","isPartOf":{"@id":"https:\/\/zonacaral.gob.pe\/es\/#website"},"primaryImageOfPage":{"@id":"https:\/\/zonacaral.gob.pe\/?s-arqueologico=aspero#primaryimage"},"image":{"@id":"https:\/\/zonacaral.gob.pe\/?s-arqueologico=aspero#primaryimage"},"thumbnailUrl":"https:\/\/zonacaral.gob.pe\/wp-content\/uploads\/2025\/12\/2905489ed51a29d9fdd91d744fe60d3748e67a84.webp","datePublished":"2025-12-19T20:56:36+00:00","breadcrumb":{"@id":"https:\/\/zonacaral.gob.pe\/?s-arqueologico=aspero#breadcrumb"},"inLanguage":"en-US","potentialAction":[{"@type":"ReadAction","target":["https:\/\/zonacaral.gob.pe\/?s-arqueologico=aspero"]}]},{"@type":"ImageObject","inLanguage":"en-US","@id":"https:\/\/zonacaral.gob.pe\/?s-arqueologico=aspero#primaryimage","url":"https:\/\/zonacaral.gob.pe\/wp-content\/uploads\/2025\/12\/2905489ed51a29d9fdd91d744fe60d3748e67a84.webp","contentUrl":"https:\/\/zonacaral.gob.pe\/wp-content\/uploads\/2025\/12\/2905489ed51a29d9fdd91d744fe60d3748e67a84.webp","width":1400,"height":899},{"@type":"BreadcrumbList","@id":"https:\/\/zonacaral.gob.pe\/?s-arqueologico=aspero#breadcrumb","itemListElement":[{"@type":"ListItem","position":1,"name":"Portada","item":"https:\/\/zonacaral.gob.pe\/"},{"@type":"ListItem","position":2,"name":"\u00c1spero"}]},{"@type":"WebSite","@id":"https:\/\/zonacaral.gob.pe\/es\/#website","url":"https:\/\/zonacaral.gob.pe\/es\/","name":"Zona Caral","description":"Investigamos, conservamos y difundimos el patrimonio cultural de la Civilizaci\u00f3n Caral, la m\u00e1s antigua de Am\u00e9rica.","potentialAction":[{"@type":"SearchAction","target":{"@type":"EntryPoint","urlTemplate":"https:\/\/zonacaral.gob.pe\/es\/?s={search_term_string}"},"query-input":{"@type":"PropertyValueSpecification","valueRequired":true,"valueName":"search_term_string"}}],"inLanguage":"en-US"}]}},"_links":{"self":[{"href":"https:\/\/zonacaral.gob.pe\/en\/wp-json\/wp\/v2\/s-arqueologico\/3014","targetHints":{"allow":["GET"]}}],"collection":[{"href":"https:\/\/zonacaral.gob.pe\/en\/wp-json\/wp\/v2\/s-arqueologico"}],"about":[{"href":"https:\/\/zonacaral.gob.pe\/en\/wp-json\/wp\/v2\/types\/s-arqueologico"}],"version-history":[{"count":0,"href":"https:\/\/zonacaral.gob.pe\/en\/wp-json\/wp\/v2\/s-arqueologico\/3014\/revisions"}],"wp:featuredmedia":[{"embeddable":true,"href":"https:\/\/zonacaral.gob.pe\/en\/wp-json\/wp\/v2\/media\/3015"}],"wp:attachment":[{"href":"https:\/\/zonacaral.gob.pe\/en\/wp-json\/wp\/v2\/media?parent=3014"}],"curies":[{"name":"wp","href":"https:\/\/api.w.org\/{rel}","templated":true}]}}

Áspero

<p><strong>Rol: Puerto pesquero de la civilización Caral</strong></p>



<p>Ubicado a solo 500 metros del Océano Pacífico, el centro urbano de Áspero ocupa 18.75 hectáreas en un entorno natural de cerros, dunas, humedales y playa. Este puerto pesquero se caracteriza por sus siete edificios piramidales escalonados, como la Huaca Alta y la Huaca de los Ídolos, destinados a funciones sociales, administrativas y de culto.<br><br>Las excavaciones realizadas en sus 22 sectores revelan una sociedad especializada y estratificada, con residencias de élite y de menor rango. Áspero fue fundamental en el abastecimiento de recursos marinos para la red de asentamientos del valle durante el Formativo Inicial y el Formativo Temprano.</p>

<!-- This site is optimized with the Yoast SEO plugin v27.3 - https://yoast.com/product/yoast-seo-wordpress/ -->
<title>Áspero - Zona Caral</title>
<meta name="robots" content="index, follow, max-snippet:-1, max-image-preview:large, max-video-preview:-1" />
<link rel="canonical" href="https://zonacaral.gob.pe/en/?s-arqueologico=aspero" />
<meta property="og:locale" content="en_US" />
<meta property="og:type" content="article" />
<meta property="og:title" content="Áspero - Zona Caral" />
<meta property="og:description" content="Rol: Puerto pesquero de la civilización Caral Ubicado a solo 500 metros del Océano Pacífico, el centro urbano de Áspero [&hellip;]" />
<meta property="og:url" content="https://zonacaral.gob.pe/en/?s-arqueologico=aspero" />
<meta property="og:site_name" content="Zona Caral" />
<meta property="og:image" content="https://zonacaral.gob.pe/wp-content/uploads/2025/12/2905489ed51a29d9fdd91d744fe60d3748e67a84.webp" />
	<meta property="og:image:width" content="1400" />
	<meta property="og:image:height" content="899" />
	<meta property="og:image:type" content="image/webp" />
<meta name="twitter:card" content="summary_large_image" />
<meta name="twitter:label1" content="Est. reading time" />
	<meta name="twitter:data1" content="1 minute" />
<script type="application/ld+json" class="yoast-schema-graph">{"@context":"https:\/\/schema.org","@graph":[{"@type":"WebPage","@id":"https:\/\/zonacaral.gob.pe\/?s-arqueologico=aspero","url":"https:\/\/zonacaral.gob.pe\/?s-arqueologico=aspero","name":"Áspero - Zona Caral","isPartOf":{"@id":"https:\/\/zonacaral.gob.pe\/es\/#website"},"primaryImageOfPage":{"@id":"https:\/\/zonacaral.gob.pe\/?s-arqueologico=aspero#primaryimage"},"image":{"@id":"https:\/\/zonacaral.gob.pe\/?s-arqueologico=aspero#primaryimage"},"thumbnailUrl":"https:\/\/zonacaral.gob.pe\/wp-content\/uploads\/2025\/12\/2905489ed51a29d9fdd91d744fe60d3748e67a84.webp","datePublished":"2025-12-19T20:56:36+00:00","breadcrumb":{"@id":"https:\/\/zonacaral.gob.pe\/?s-arqueologico=aspero#breadcrumb"},"inLanguage":"en-US","potentialAction":[{"@type":"ReadAction","target":["https:\/\/zonacaral.gob.pe\/?s-arqueologico=aspero"]}]},{"@type":"ImageObject","inLanguage":"en-US","@id":"https:\/\/zonacaral.gob.pe\/?s-arqueologico=aspero#primaryimage","url":"https:\/\/zonacaral.gob.pe\/wp-content\/uploads\/2025\/12\/2905489ed51a29d9fdd91d744fe60d3748e67a84.webp","contentUrl":"https:\/\/zonacaral.gob.pe\/wp-content\/uploads\/2025\/12\/2905489ed51a29d9fdd91d744fe60d3748e67a84.webp","width":1400,"height":899},{"@type":"BreadcrumbList","@id":"https:\/\/zonacaral.gob.pe\/?s-arqueologico=aspero#breadcrumb","itemListElement":[{"@type":"ListItem","position":1,"name":"Portada","item":"https:\/\/zonacaral.gob.pe\/"},{"@type":"ListItem","position":2,"name":"Áspero"}]},{"@type":"WebSite","@id":"https:\/\/zonacaral.gob.pe\/es\/#website","url":"https:\/\/zonacaral.gob.pe\/es\/","name":"Zona Caral","description":"Investigamos, conservamos y difundimos el patrimonio cultural de la Civilización Caral, la más antigua de América.","potentialAction":[{"@type":"SearchAction","target":{"@type":"EntryPoint","urlTemplate":"https:\/\/zonacaral.gob.pe\/es\/?s={search_term_string}"},"query-input":{"@type":"PropertyValueSpecification","valueRequired":true,"valueName":"search_term_string"}}],"inLanguage":"en-US"}]}</script>
<!-- / Yoast SEO plugin. -->

Áspero - Zona Caral

Rol: Puerto pesquero de la civilización Caral Ubicado a solo 500 metros del Océano Pacífico, el centro urbano de Áspero [&hellip;]

Investigamos, conservamos y difundimos el patrimonio cultural de la Civilización Caral, la más antigua de América.
